p + 16. Let q be x(3). Calculate the greatest common divisor of t and q.
8
Let i = 592 + -508. Calculate the greatest common factor of i and 84.
84
Suppose 3*v = 3*f - 1884, 5*f - 4*v + 2528 = 9*f. Calculate the highest common divisor of f and 70.
70
Let b = -22 + 13. Suppose 18 + 9 = -3*g. Let r be b/((g/(-15))/(-3)). What is the greatest common factor of r and 9?
9
Let t(h) = 3*h**2 + 46*h - 14. Let s be t(-17). Calculate the greatest common divisor of s and 355.
71
Let b be ((-1)/(-3 - -2))/(1/231). Calculate the greatest common factor of b and 21.
21
Suppose 0 = r - 4*m - 12 - 26, -2*r = 5*m - 11. Calculate the highest common factor of r and 216.
18
Let v(g) be the third derivative of -g**5/60 - 5*g**4/8 + 25*g**3/3 + 7*g**2. Let d be v(-16). Calculate the highest common divisor of d and 68.
34
Let i(t) = 2*t + 15. Let b be i(-7). Let m be (-1)/(-2) + b/2. Suppose 9*h - 6*h = 24. Calculate the highest common factor of m and h.
1
Let k be 1/((-10)/(-4))*(1037 - -3). What is the highest common factor of 91 and k?
13
Let u = 406 + -196. What is the highest common factor of u and 90?
30
Suppose 3*o + 630 = 8*o. Suppose -17*h + 14*h = -o. Let d be h/4 + 1/2. What is the highest common divisor of d and 55?
11
Let n be 2/(-12) - ((-30303)/(-54))/(-13). Calculate the highest common factor of n and 172.
43
Let b be (-438)/(-30) + 9/(-15). What is the highest common divisor of 1946 and b?
14
Let w be (-1)/((-27)/(-1656))*(-6)/4. What is the greatest common factor of 299 and w?
23
Let l = -67 - -40. Let a = 55 + l. Suppose m - 13 = -2*n - 2, m = 4*n - 1. Calculate the greatest common factor of a and m.
7
Let b = 391 + -386. What is the greatest common divisor of 15 and b?
5
Let n = 278 + -184. Calculate the greatest common factor of 752 and n.
94
Suppose 0 = -3*s - 4*z + 91, 2*z - 41 = -4*s + 67. Let t = -8 - -33. Calculate the highest common factor of t and s.
25
Let y(s) = 72*s + 329. Let f be y(0). Calculate the greatest common divisor of f and 141.
47
Let v = -2054 - -2124. Let k be ((-28)/6)/((-1)/3). What is the highest common divisor of k and v?
14
Let m be ((-560)/(-196))/(((-2)/7)/(-1)). Suppose 20*s - m = 15*s. What is the greatest common divisor of s and 28?
2
Suppose d + 2*d + 5*o - 16 = 0, 4*d = -o + 10. Suppose -2*z + d*m + 130 = 0, -2*m = -0*m. What is the greatest common divisor of 13 and z?
13
Let h(w) = -2*w**2 - 8*w - 14. Let s be h(-7). Let p = 131 + s. Calculate the highest common divisor of 30 and p.
15
Suppose 0 = -5*k + 5, 0 = 7*q - 3*q + k - 13. Suppose -o = q*o - 48. Let y be (112/35)/(-4 - (-132)/30). What is the greatest common factor of y and o?
4
Suppose 0 = -49*u + 32*u + 16677. Calculate the highest common divisor of 9 and u.
9
Let t be 1128/(-27) - (-4)/(-18). Let l = -18 - t. Calculate the highest common divisor of 16 and l.
8
Let w = -935 - -1290. Calculate the highest common divisor of w and 10.
5
Let c be (1 + -5 - 19) + -2. Let m = 25 - c. Calculate the highest common divisor of m and 10.
10
Suppose -3*m + 205 - 55 = 0. Calculate the greatest common factor of m and 15.
5
Let h = -2 + 10. Let b = -4 - h. Let x be (-3)/b - 22/(-8). Calculate the highest common divisor of x and 1.
1
Suppose 0 = 2*p + 5*y - 346 + 75, p + 2*y - 134 = 0. Suppose p = 8*g - 16. Calculate the greatest common divisor of g and 36.
18
Let u(s) = -2*s + 4. Let z be u(-2). Let g be z/10*(-405)/(-18). What is the greatest common divisor of 18 and g?
18
Suppose -4*g - 3*a + 358 = 0, -8*g - a + 442 = -3*g. Suppose -4*t + 0*w = 5*w - g, 0 = w. Calculate the highest common factor of 2 and t.
2
Let v(x) = 4*x**2 + 9*x + 3. Let j(z) = 2*z - 21. Let b be j(8). Let m be v(b). Let r be 87 + -1 + 3 + -2. Calculate the highest common factor of r and m.
29
Suppose 4*b - 4 = -5*c, -3*b + c + 5 = 2. Let a be (0 - b)/(15/(-75)). What is the highest common factor of a and 35?
5
Suppose -3762 = -270*u + 232*u. What is the greatest common divisor of u and 9?
9
Suppose 0 = -t + 4, -5*m + 3*t - 5*t = -148. Suppose -4*v + v - 2*a = -29, -4*a = 2*v - 30. Calculate the greatest common divisor of v and m.
7
Let u(j) = j - 7. Let q be u(2). Let y be (-24)/(-100)*10*q/(-2). What is the highest common factor of 24 and y?
6
Suppose 5*a + 3*l = l + 840, 4*a = -4*l + 672. Let f be (-45)/(-18)*a/10. Calculate the greatest common factor of f and 70.
14
Let n be 20/80*114/1*2. Calculate the greatest common factor of n and 19.
19
Suppose 0 = 40*w - 8351 + 2831. Calculate the highest common factor of w and 115.
23
Suppose -2*t + 2*z + 87 = 5*z, 3 = 3*z. Suppose 14*u - 20 = 4*u. Let d be 6 - -24 - 4/u. What is the greatest common divisor of t and d?
14
Suppose -5*s - 2*k + 938 = -s, -s - k = -237. What is the highest common divisor of 16 and s?
8
Suppose f - 4 = 0, 3*u - 7*u + 2*f = -8392. What is the highest common factor of 70 and u?
70
Let k = -74 + 82. Let s(p) = -p**3 + 2*p**2 - 2*p + 72. Let y be s(0). What is the greatest common divisor of y and k?
8
Suppose 0 = 5*a - 4*v - 201, -2*v + 1 = 9. Let b = -25 + a. What is the greatest common divisor of b and 108?
12
Let n(g) = g + 0 - g + g + 2. Let h be n(-1). Let c be (-3)/h - (-129)/1. What is the highest common divisor of c and 14?
14
Suppose -3*k + 38 = 2*j, -2*j + 74 = 4*k + 20. Calculate the greatest common factor of 2 and k.
2
Suppose -3*j - 95 = -4*w - 8*j, -2*j + 106 = 5*w. Let a(g) = -4*g**3 - 3*g**2 + 4*g + 8. Let v be a(-2). Calculate the highest common factor of v and w.
20
Let m be (2/1)/(-4 + 2). Let q(k) be the second derivative of -61*k**5/20 - k**4/12 - 4*k. Let w be q(m). Calculate the greatest common factor of w and 15.
15
Let y(h) = -h**2 + 15*h + 10. Let d be y(15). Let j = d + 3. What is the greatest common factor of 13 and j?
13
Let k(f) = -7*f**2 + 4. Let m be k(-3). Let l = -26 - m. What is the highest common divisor of l and 3?
3
Let z(a) = -a**3 - 34*a**2 - 35*a - 40. Let q be z(-33). Let o(d) = -8*d - 6. Let k be o(-4). What is the highest common factor of q and k?
26
Let d be (125/20 + -5)/(3/24). Suppose -2*p - d*b + 724 = -8*b, -2*p + 710 = -5*b. Calculate the highest common divisor of 40 and p.
40
Let u(g) = -2*g**3 + 42*g**2 + 36*g + 198. Let c be u(22). Suppose -139 + 29 = -l. What is the greatest common factor of l and c?
22
Suppose -4*w + 35 + 37 = 0. Let p be (1 + 9)*(-3)/(10 + -4). Let i be (-14)/(-8)*4 - p. What is the highest common divisor of i and w?
6
Suppose 4*k + 44 = 4*y - 0*k, -y - k + 3 = 0. Let a(r) = 3*r**2 + 4*r - 4. Let o be a(-4). Calculate the highest common factor of y and o.
7
Let k be ((-8)/(-6))/(1/3). Suppose 0 = -k*y - 69 + 253. Let o = y - 32. What is the highest common factor of 112 and o?
14
Let f be 249/27 - ((-20)/(-9) - 2). Let r be (1/2)/(1/2). What is the greatest common factor of r and f?
1
Let w be 2/(-3 + 19/6). Let g be (-1)/2*w/(-3). Suppose m - r - 4 = 0, 0*m - m + 3*r - g = 0. What is the highest common divisor of m and 21?
7
Let x be (-2)/(-2) + 1294/(-2). Let c = -1076 - x. Let m = c - -628. What is the greatest common factor of m and 18?
18
Let v be (-110)/(-6) + (-2)/6. Let l be (-1)/2 - (-1588)/8. Calculate the greatest common factor of v and l.
18
Let x = 40 - 31. Suppose 968 = -x*z + 13*z. What is the greatest common divisor of z and 22?
22
Let x(i) = i**3 - 24*i**2 + 2*i + 37. Let d be x(24). Calculate the greatest common divisor of d and 15.
5
Let a be 3*(-4)/(-4) + -1. Suppose 4*d - 432 = a*d. What is the greatest common factor of d and 27?
27
Suppose -k - 7 = -11. Let m(c) = 2*c**2 - 2*c - 2. Let t be m(-1). Suppose t*p - 35 = 29. Calculate the highest common divisor of p and k.
4
Let j(v) = -2*v - 18. Let m be j(11). Let l = -37 - m. Suppose 0*s - 99 = -3*s. What is the highest common divisor of s and l?
3
Let o = 101 - -22. Calculate the highest common factor of o and 41.
41
Let g be 20/(-90) + (-76)/(-18). Suppose 0 = 3*j - 3*c - 51, g*j + 18 = -2*c + 74. Let v be (-332 + 2)*2/(-4). Calculate the highest common divisor of j and v.
15
Suppose -4*x = -3*x - 2. Let r be 3075/10 + x/(-4). Let v = r + -217. Calculate the greatest common divisor of 36 and v.
18
Let n = -84 + 119. Let u(q) = 5*q**2 + 2*q - 2. Let f = -6 - -4. Let t be u(f). What is the greatest common factor of t and n?
7
Suppose 9*w - 149 - 121 = 0. Suppose -5*m + 47 = -53